 = -d*s - s + 96. What is the tens digit of s?
2
Let m = 301 - 1. What is the units digit of m?
0
Let v(b) be the third derivative of 3*b**4/8 + b**3 - 9*b**2. Let i be v(12). Suppose 4*p + i = 5*q + 304, -2*p + 98 = -4*q. What is the units digit of p?
5
Suppose 19*s = 21*s - 18. Suppose 2*v - s = 25. What is the tens digit of v?
1
Let i = 938 - 408. What is the tens digit of i?
3
Let z(i) be the third derivative of i**4/8 + 19*i**3/3 + 17*i**2. What is the units digit of z(18)?
2
Suppose -30 = -3*t + 2175. What is the units digit of t?
5
What is the tens digit of 10668/52 + 6/(-39)?
0
Let x(g) = 11*g**2 - 4*g. Let l be x(4). Suppose -9*j + 7*j = -l. What is the units digit of j?
0
Let j = 1547 + -259. What is the units digit of j?
8
Suppose 0 = 5*b - 2*b - 12. Let j be -1 + 133 - (b - 4). Let u = -63 + j. What is the tens digit of u?
6
Let x be 2/4 + (-29)/(-2). Let i(u) = -5 - 15*u**2 + 7*u**2 + 18*u + 2*u**2 + 5*u**2. What is the units digit of i(x)?
0
Suppose -2*k = -0*k - 66. Suppose -4*f = 3*f - 28. Let i = f + k. What is the tens digit of i?
3
Let p(f) = -95*f**3 - f**2 - 2*f - 1. Let n be p(-1). Suppose -4*l + n = -421. What is the tens digit of l?
2
Let j be 3715/20 + 9/(-12). Suppose -4*t - t = -j. What is the units digit of t?
7
Let g be (-10)/(-35) + 47/7. Suppose -35 = -3*y + 4. Let t = y - g. What is the units digit of t?
6
Suppose -2 = -3*n - i, 0 = 3*n - 5*i + 3*i - 14. Suppose 3*q - n = 2*q. Suppose q*v = 7*v - 70. What is the tens digit of v?
1
Let o be (9/((-9)/(-4)))/(1*-2). What is the hundreds digit of 129 - -6 - 1*o?
1
Suppose -4*z - 4*y + 6032 = 0, -1106 = -5*z + 3*y + 6466. What is the tens digit of z?
1
Let l be -3*3/(-1 - -4). Let d be 3 - ((-1 - l) + -14). Let k = 23 - d. What is the units digit of k?
8
Let u(t) = 3*t + 3. Let l be u(-4). Let a = 9 - l. Suppose -b + a = -2. What is the tens digit of b?
2
Let k = -160 + 206. Suppose -3*b + 40 = -5. Suppose 4*l - b = p - k, -4*l = 4*p - 44. What is the units digit of p?
5
Let z(j) = -j**2 - 6*j - 10. Let w be z(-4). Let q be (-15)/((-3 - w)/9). Suppose -5*t - q = -10*t. What is the tens digit of t?
2
Let p = -45 - -43. What is the units digit of (2 - p) + 48 + -4?
8
Let a(h) = 2*h**2 - 23*h + 16. Let r be a(11). What is the hundreds digit of (-309)/(-1) - (-1 + (r - 1))?
3
Let h(o) = 2*o - 6. Let y be h(3). Suppose 3*u + 4*w - 128 = y, -4*w = -u - 33 + 97. Let s = 101 - u. What is the tens digit of s?
5
Let u = 22 - 22. Let h be u/5 - (-2 - 0). What is the units digit of (3 - 2/h)*13?
6
Suppose p - 1459 - 623 = 4*r, -3*r - 4174 = -2*p. What is the tens digit of p?
9
What is the units digit of (332/(-10))/(-6*9/810)?
8
Let s be (7 + -7)/(0 + 2). Let i be s/6 + 1*-2. What is the units digit of -5 - -71 - i/(-1)?
4
Let o be (6 + 70/(-25))/((-4)/(-10)). Suppose 4*b - o*b + 328 = 0. What is the tens digit of b?
8
Let o(l) be the second derivative of l**3/6 + l**2/2 + 6*l. Let c be o(-4). What is the tens digit of (-55)/c + (-3)/9?
1
Let q(i) = i**2 - i + 8. Let y be q(-5). Let u be (-1)/(-3) - (-161)/3. Let m = u - y. What is the units digit of m?
6
Let l = 18 + -20. Let y(x) = -x**3 - x**2 + 2. Let g be y(l). What is the units digit of ((-4)/g)/((-12)/630)?
5
Let z(j) = j**2 - 8*j - 16. Suppose -3*g = 5 - 38. Let d be z(g). Suppose 19*r - 20 = d*r. What is the tens digit of r?
1
Let w(k) = -10*k - 45. Let j be w(-5). Suppose 0 = c - 5*x - 52, -4*c - c + j*x = -240. What is the units digit of c?
7
Suppose 13 = 5*l + 4*v, -5*l + 6*v = 3*v - 34. Suppose l*i + 0*i - 10 = 0. Suppose 4*o = 5*x - x + 48, -o = -i*x - 12. What is the tens digit of o?
1
Let p(f) = -f**2 - 27*f + 125. What is the tens digit of p(-30)?
3
Suppose -k = 3*f - 8*f - 195, 3*k = 0. Let x = 120 + f. What is the units digit of x?
1
Let z = 4002 + -1585. What is the thousands digit of z?
2
Let v be (3 - 36/8)*-2. What is the tens digit of (-1 + v)/((-3)/(-114))?
7
Let h be 1461/11 - 4/(-22). Let z = h + -95. What is the units digit of z?
8
Let t(c) = -c**3 + 2*c**2 - c + 1096. What is the tens digit of t(0)?
9
Let s be (-1)/(-3) - 15/45. Suppose s = -4*p - 0*p + 148. What is the tens digit of p?
3
Suppose 10*u - 13*u = 0. Suppose 12 + u = j + 3*s, -2*j - 2*s + 8 = 0. Suppose 5*c - 38 - 37 = j. What is the units digit of c?
5
Suppose -3*b - 1716 = -2*s, -4*s - 3*b = -3*s - 867. What is the tens digit of s?
6
Let d be 6/(4 + -3) - 3. Suppose -1 - 5 = -d*f. Suppose 46 = f*v - z, -3*v + 4*z = -62 - 7. What is the units digit of v?
3
Let x = 5249 - 2768. What is the hundreds digit of x?
4
Let q = 478 + 281. What is the hundreds digit of q?
7
Suppose 4*t - 438 = 3*t. What is the hundreds digit of t?
4
Let b(j) = -23*j**3 - 2*j**2 - j + 2. Let c be b(1). What is the hundreds digit of (c/7)/((-3)/126)?
1
Let c(p) = -p**3 - 8*p**2 - p - 9. Let a be c(-8). What is the units digit of 2*((a - -4) + (-162)/(-4))?
7
Let w = 15 - -25. Suppose w*n + 6 = 43*n. What is the units digit of (n/3)/((-20)/(-270))?
9
Let d = 3261 - 1671. What is the thousands digit of d?
1
Let d(w) = 61*w + 19. What is the hundreds digit of d(14)?
8
Let u(r) = -40*r - 39. What is the units digit of u(-13)?
1
Let p(g) = -g**2 + 1. Let o be p(-1). Suppose -5*w + 6*w - 3 = o. Suppose -w*r - 2*m + 2 = -5, 15 = 5*r + 5*m. What is the units digit of r?
1
Suppose -r = 2*r - 522. Let l be r/(-10) - 15/25. What is the units digit of -1 - (-2 + (l - 1))?
0
Suppose 0 = -4*a - 5*w + 16, 4*w + 0 = 5*a + 21. What is the tens digit of 41 + 13 - (a - -5)?
5
Let b(y) = -y**2 + 77*y - 221. What is the units digit of b(55)?
9
What is the hundreds digit of (-4)/12 - ((-12890)/15 + -4)?
8
Let i = -484 + 559. Suppose 2*o = -84 - 8. Let z = i + o. What is the units digit of z?
9
Suppose 26 = 6*o + 446. Let g = o - -240. What is the tens digit of g?
7
Suppose 4*o + 60 + 36 = 0. Let y = 17 + o. Let g = y - -23. What is the tens digit of g?
1
Let w be 39/26*((4 - 2) + 20). What is the units digit of w/((-2)/(22/(-3)))?
1
Let a(i) = -i + 4. Let y be a(5). Let r = 1 - y. Let o(n) = 2*n**2 - n + 2. What is the units digit of o(r)?
8
Let x = 6 - -12. Let y be (-1)/(1 - x/15). Suppose -7*u = -y*u - 38. What is the tens digit of u?
1
Suppose -24*x + 21*x + 4*n + 600 = 0, 3 = n. What is the units digit of x?
4
Let q(f) = 45*f**2 - 31*f + 49. What is the hundreds digit of q(-11)?
8
Suppose 2*y + 4*y - 102 = 0. Let u = y + 128. What is the tens digit of u?
4
Let s be ((-2)/(-5))/(5/25). What is the units digit of (-3 - -2 - s) + 55?
2
What is the hundreds digit of (-45)/(-27) + (-2044)/(-3)?
6
Let d(v) = v**2 - 3. Let i be d(-2). What is the tens digit of ((-180)/(-25) + -3)/(i/40)?
6
What is the thousands digit of 4/14 - 282078/(-126)?
2
Suppose -9*g + 3 = -8*g. Suppose -g*l + 2*z = 3*z + 390, 0 = -3*l + 2*z - 390. What is the units digit of (-5)/(-2)*l/(-25)?
3
Let x(m) = 83*m**2 - 66*m - 324. What is the tens digit of x(-6)?
6
Let s be ((-6)/(-3))/((-2)/(-9)). Suppose 294 = s*u - 6*u. What is the units digit of u?
8
Suppose -3*w + 5*y + 26 = 0, -5*y - 22 = -0*w - w. What is the units digit of w?
2
Suppose 0 = 2*h - t - 168, 4*t = 4*h - 158 - 182. What is the units digit of h?
3
Suppose 7866 = 36*x - 17*x. What is the hundreds digit of x?
4
Suppose 2*w - 6*w - 28 = 0. Let x = -14 - w. Let z = 27 + x. What is the units digit of z?
0
Suppose -31*i + 4 = -30*i. Suppose 4*k + 759 - 39 = i*p, -5*k + 20 = 0. What is the tens digit of p?
8
Suppose 30 = 6*h + 6. Suppose -h*r = -5*s + 311, r = -4*s + 3*r + 244. What is the tens digit of s?
5
Let w(s) = -s**3 - 25*s**2 + s + 129. What is the hundreds digit of w(-25)?
1
What is the tens digit of 11139/6 + (-69)/46?
5
Suppose 0 = -2*b + 7*b + 85. Let f = 16 + b. Let c(s) = -s + 1. What is the units digit of c(f)?
2
Suppose 3*h = 2*g + 2957, -4*h + 3952 = 2*g - 0*g. What is the hundreds digit of h?
9
Let h be 1803/24 + (-3)/24. Suppose 8*u = 5*u + h. What is the tens digit of u?
2
Let z be (-6)/((-24)/(-5))*4. Let x = z + 16. What is the tens digit of x?
1
Suppose -w = -0*w + d + 1, -3*d = -w + 3. Let g be 4 + -5 + 3 + w. Suppose -h = g*h - 132. What is the units digit of h?
4
Suppose -4*x + 29 = -3*b - 8, -4*b + 4 = 0. Suppose o - 154 = 2*h, h + h = -x. What is the tens digit of o?
4
Let z(v) = 5*v**2 - 11*v - 3*v**2 + v**2 - 5 - v**3 + 5